6)/2 - 0. Let t = f - -17. What is the units digit of t?
5
Suppose -4*b = -2*b + p - 7, 0 = b - 4*p + 10. Suppose 5 - 45 = -b*c. What is the tens digit of c?
2
Suppose 12 = 5*h - 38. Let i = 14 - h. What is the units digit of i*2*(3 + -2)?
8
Let v = 100 + 0. Suppose -3*b + v = -80. What is the units digit of 5/(b/(-27))*-4?
9
Let v = 210 + -51. What is the units digit of v?
9
Let n be -1 - ((-6)/2)/1. Suppose 16 = n*u + 3*x, -18 = 3*u - 5*x - 4. What is the units digit of u?
2
Let x = 0 - -4. Suppose x*o - 18 = 2*o. What is the units digit of (o/(-3))/((-1)/2)?
6
Let b(u) = 2*u**2 + 4*u + 3. Let c(d) = -d + 3. Let n be c(5). Let p be b(n). Suppose p = -3*q + 9. What is the units digit of q?
2
Suppose 5*n - 176 + 61 = 0. What is the units digit of n?
3
Let u be (3/(-2))/((-1)/(-2)). Let t be (66/(-4 + 1))/(-2). Let g = t + u. What is the units digit of g?
8
Suppose 4*d - 867 = -3*l, 0 = 5*d - 2*l - l - 1050. What is the hundreds digit of d?
2
Let w = 540 - 385. What is the tens digit of w?
5
Let w(o) = 5*o - 9. What is the tens digit of w(11)?
4
Let b be ((-4)/(-8))/((-2)/(-36)). Let m = b - 12. Let x = m - -7. What is the units digit of x?
4
Let a be -3 + -1*(-2 - -3). Let w = 7 + a. What is the units digit of w?
3
Suppose 21*j - 20*j - 145 = 0. What is the tens digit of j?
4
Let f(j) = -j**2 + 6*j - 5. Let r(i) = -i + 12. Let m be r(8). What is the units digit of f(m)?
3
Let i(u) = 14*u**3 - u**2 + 2*u + 3. What is the units digit of i(2)?
5
Let n(b) = 12*b**2 - 2*b - 5. What is the units digit of n(-3)?
9
Let r(s) = -4 + 5*s**2 - 3*s**2 + 8 - 7*s. What is the units digit of r(4)?
8
Let k(x) = 57*x**3 + x - 2. What is the tens digit of k(1)?
5
Suppose -4*c = -9*c + 170. Let x = c + -20. What is the units digit of x?
4
Suppose 3 + 7 = 2*w. What is the units digit of w - (2 + -3 - -2)?
4
Let y be (14/21)/((-2)/(-39)). Let l = -8 + y. Suppose -2*b + 4*b - 36 = -3*n, 73 = l*n - b. What is the units digit of n?
4
Suppose -28*r + 30*r - 26 = 0. What is the units digit of r?
3
Let r be 5*(144/15)/4. Suppose 0 = -3*w + 4*d - 8*d + 28, 4*d - r = w. Suppose -18 = -w*c + 5*y + 45, 0 = -5*y - 15. What is the tens digit of c?
1
Suppose -3*k + k = 3*n - 36, 0 = -3*k + 9. Let t be n/6 - (-6)/(-9). Let i(p) = 3*p**3 + 2*p**2 - 1. What is the units digit of i(t)?
4
Let y(q) = 5*q**2 - 3*q + 2. What is the hundreds digit of y(-5)?
1
What is the units digit of 1 - ((-7732)/36 - 2/9)?
6
Suppose -2*y = -4*k + 6, -4*y - 2*k + 0 = -8. Let h(a) = 8*a. Let n be h(y). Suppose -3*s + n = -s. What is the units digit of s?
4
Suppose 0 = 2*b - b - 12. Suppose 2*l + 2*q = -b, -2*q - 30 + 6 = 5*l. Let x(o) = o**2 + 4*o + 4. What is the units digit of x(l)?
4
Suppose 74 + 24 = 2*v. Let o = v - 32. What is the tens digit of o?
1
Let m(p) = p**2 - 3. What is the units digit of m(-10)?
7
Suppose 7 = a + 3*r, -3*a + 3*r - 5*r - 7 = 0. Let p(t) = -t**2 - 8*t - 7. What is the units digit of p(a)?
8
Let m = 343 - 217. What is the units digit of m?
6
Let t(c) = c + 4. Let x be t(-6). Let s = 4 + x. What is the units digit of s?
2
Let v = -88 - -197. What is the hundreds digit of v?
1
Suppose -i = 5*o - 46, -3*i + 5*o + 187 - 29 = 0. What is the tens digit of i?
5
Suppose -8*w + 156 = -11*w. Let u = 77 + w. What is the tens digit of u?
2
Let u = -5 - -5. Suppose 4*r - 237 = -5*q, 5*q - 239 = -u*q - 3*r. Suppose -15 - q = -4*h. What is the tens digit of h?
1
Suppose 3*z + 1 = 4. Suppose -2*d = -z - 1. What is the units digit of d?
1
Let v(t) = 2*t**2 - 3*t - 1. Let q(h) = 2*h - 3. Let i be (1/(-2))/((-1)/6). Let b be q(i). What is the units digit of v(b)?
8
Let b(k) = k**2 + 5*k + 2. Let g be b(-5). Suppose 0 = g*y - 0 - 6. Suppose -y*d + 59 = 4*n - 0*d, -3*n = -2*d - 23. What is the tens digit of n?
1
Suppose -5*d + 6*d = -m - 23, -4*d - m - 107 = 0. Let c be -43*(2 - (-2 + 5)). Let l = d + c. What is the units digit of l?
5
Let n be (-14)/(-3) + (-20)/30. Suppose 0 = 3*j - n*j + 27. What is the units digit of j?
7
Suppose 2*r - 2*x = -3*r + 91, -3*x = -r + 26. What is the units digit of r?
7
Let q be -6 + (-4)/(-2 - 2). Suppose 0 = -4*x - 16, 2*l + 2*l - 2*x - 32 = 0. What is the tens digit of 110/l + q/15?
1
Let h = 1 + 13. Let a be (-2)/7 + 4/h. Let t(o) = o**3 - o**2 + o + 12. What is the tens digit of t(a)?
1
Let v = 16 - -9. Let x be 4 - (1 + -2 + 1). Suppose x*o = -o + v. What is the units digit of o?
5
Let q(f) be the first derivative of f**4/4 + f**3 + 3*f**2/2 + f - 2. Let r be q(-2). Let v = 8 - r. What is the units digit of v?
9
Let s(k) = k**3 - 5*k**2 + k - 1. Let r be (6/3 - -3)/1. What is the units digit of s(r)?
4
Let w(o) = o**3 + 2*o + 47. What is the units digit of w(0)?
7
Let u be (-2)/2*(5 + -4). Let d = u - -5. What is the units digit of (-4)/(-16) - (-35)/d?
9
Let d = 1 - -2. What is the units digit of 33/9 + (-2)/d?
3
Suppose -8*i + 4*i - 36 = 0. Let t be (-2)/i - (-40)/(-18). Let g = t - -4. What is the units digit of g?
2
Suppose 87 = -5*v + 832. What is the tens digit of v?
4
Let n(d) be the second derivative of d**4/12 - d**3/2 - d**2 + 4*d. What is the units digit of n(6)?
6
Let b(c) = -c**2 - 7*c - 1. Let q be (8/(-3))/((-1)/(-3)). Let u be b(q). Let r = u + 14. What is the units digit of r?
5
Let a(b) = -b**3 + 2*b**2 + b + 1. Let o be a(3). What is the units digit of (-67)/o + 2/(-5)?
3
Let n be (-6)/12 - (-1)/2. Suppose n = -2*l + 3*l. Suppose l = 4*p - a - 20, 3 + 2 = p - 4*a. What is the units digit of p?
5
Let d = 97 + -46. What is the tens digit of d?
5
Let r = 12 + -78. Let q = 97 + r. What is the tens digit of q?
3
Let r = 102 - 19. What is the tens digit of r?
8
Let n(v) be the second derivative of -v**3 + 3*v**2 - 2*v. Let h be n(-6). What is the units digit of (-33)/(-7) - (-12)/h?
5
Let i(x) = x**2 + x + 2. What is the units digit of i(-3)?
8
Let h(t) = t**2 + 4*t + 6. What is the units digit of h(-5)?
1
Let t be (5/(-2))/(3/(-6)). Suppose t*a - 143 = -5*w + w, 3*w = -5*a + 146. What is the tens digit of a?
3
Suppose -5*t + 72 = -3*t. What is the units digit of 79/9 + 8/t?
9
Let b(n) = -n**3 - 3*n**2 + 3*n + 2. What is the units digit of b(-5)?
7
Let d(i) be the third derivative of i**5/60 - 5*i**4/24 + 5*i**3/6 - 6*i**2. What is the units digit of d(8)?
9
Let n(d) = 9*d**2 - 7*d + 3. Let s(b) = -5*b**2 + 3*b - 2. Let r(t) = -6*n(t) - 11*s(t). Let x be r(-7). What is the units digit of x/(-4)*(-24)/(-30)?
2
Let c be ((-49)/4)/(5/(-20)). Suppose -f + 3*f - p = 36, -3*f - p = -c. What is the units digit of f?
7
Let y be (4 - 3) + (-4)/(-2). What is the units digit of (1 + y/(-2))*-20?
0
Let z be (-11)/(-2) + 2/(-4). Suppose -1 - 9 = 5*p, -4*p - 118 = -z*a. What is the units digit of a?
2
Let d be (-3 + 3 - -1)*-1. What is the units digit of (d/(-3))/(2/54)?
9
Let o be (-2)/7*(-7)/1. Let p be 8/8*(o + 0). Suppose -r - p = -4. What is the units digit of r?
2
Suppose -t - 4*z = -13, -3*z + z = -t - 11. Let y(p) = -14*p. What is the units digit of y(t)?
2
Suppose -z + 3*h + 69 = 2*z, 4*z - 119 = -5*h. What is the units digit of z?
6
Let n = 6 + -4. Suppose 2*g - 26 = n*l, 0 = g + 2*g + 3*l - 9. Let h = -5 + g. What is the units digit of h?
3
Let x be ((-6)/(-4))/(1/(-10)). Let j be (48/x)/((-2)/10). Suppose -j = 3*f + 6*h - h, 3*f - 4 = -h. What is the units digit of f?
3
Let q = 6 - 10. Let r(l) = -4*l + 5. What is the tens digit of r(q)?
2
Let d(b) = -b - 1. Suppose 0 = -3*i + 2*i - 4. Let r be d(i). Let l = r - 1. What is the units digit of l?
2
Let v be 0/((-1 - 0) + -1). Suppose p - 1 = -v. What is the units digit of (-7)/(1 + (-2)/p)?
7
Let x(h) = h - 4. Let i be x(7). Suppose 0 = -5*c + 3*w + 17, 0*w + w = c - i. What is the units digit of c?
4
Let c(y) = -2*y**3 - 2*y**2 - 4. Let p be c(-2). Suppose -t + 2*t - p*j - 42 = 0, -2*t - 5*j + 71 = 0. What is the tens digit of t?
3
Let c = -150 + 220. Suppose -5*o - 206 = -4*h - 48, -5*h = -2*o - c. Let j = o + 42. What is the tens digit of j?
1
Let w be (-3745)/(-45) + 2/(-9). Suppose -o = 3*x - 3, -5*o + 2*x + w = -0*x. Suppose -z + o = 4*z. What is the units digit of z?
3
Let x(v) = v**2 + 8*v - 3. Let i be x(-6). What is the tens digit of 2 - (6/(-3) + i)?
1
Let z = -128 - -245. Let s be z/12 - (-2)/8. Suppose 0*y + 2*y - 3*a = 15, -y + s = a. What is the units digit of y?
9
What is the